19 - -14570?
14589
In base 15, what is -d5cd620 + 4?
-d5cd61b
In base 9, what is -63310 - -1515?
-61684
In base 3, what is -2011 + 111222121022?
111222112011
In base 3, what is -1000111220110 + -12202?
-1000112010012
In base 8, what is 1507 + 66245?
67754
In base 5, what is 2414303 + 1443?
2421301
In base 4, what is 12313310230 + 21?
12313310311
In base 13, what is -3 + 21034c?
210349
In base 13, what is -73 + -15265c5?
-1526668
In base 8, what is -575 - -21757?
21162
In base 16, what is -42 + -cbae6?
-cbb28
In base 9, what is 3073744 - -43?
3073787
In base 5, what is 0 + 1124024213?
1124024213
In base 5, what is 4 + 1200113032?
1200113041
In base 8, what is -52774 + -42127?
-115123
In base 15, what is -17c7b + 45?
-17c36
In base 15, what is 25ad77c + -5?
25ad777
In base 14, what is 22659 - 68?
225d1
In base 11, what is 1751 - -a151?
108a2
In base 11, what is 917a + -1a5?
8a85
In base 5, what is 0 - -403300104344?
403300104344
In base 13, what is -99a - -64a?
-350
In base 16, what is -d + 1232f?
12322
In base 9, what is -62125020 - -3?
-62125016
In base 8, what is -7 - 544072?
-544101
In base 8, what is 74 + 164357?
164453
In base 5, what is -140420 + 1120?
-134300
In base 5, what is 4402111304 - 10?
4402111244
In base 6, what is -3241303320 - -10?
-3241303310
In base 11, what is -34 - -807566?
807532
In base 10, what is 171453616 - 2?
171453614
In base 12, what is -169190791 - -5?
-169190788
In base 4, what is 10012132 + 120113010?
130131202
In base 8, what is -75204 - -364?
-74620
In base 9, what is -3 + -2261342?
-2261345
In base 8, what is 512 - -6671714?
6672426
In base 9, what is -3 - -4040033?
4040030
In base 12, what is -407a1 + 58?
-40745
In base 9, what is 41035405 + 4?
41035410
In base 16, what is -2d6 + 24d9?
2203
In base 7, what is -4255364051 + 3?
-4255364045
In base 16, what is 119e645 + 1?
119e646
In base 5, what is 4 + 102142122210?
102142122214
In base 3, what is 22120201100022 + -1?
22120201100021
In base 3, what is 1220021002200 - 1111000?
1220012121200
In base 4, what is -10033 - -130112313?
130102220
In base 7, what is -24200102 - 4?
-24200106
In base 2, what is -111000100110101101 - 10001?
-111000100110111110
In base 3, what is -10100121201 + -220?
-10100122121
In base 12, what is -40475978 + 1?
-40475977
In base 11, what is 1830 + -a4363?
-a2633
In base 2, what is -101 + -1100001110001110?
-1100001110010011
In base 16, what is -2576 - -11b?
-245b
In base 10, what is -1038 + -19751?
-20789
In base 7, what is 4546255 - 3?
4546252
In base 2, what is 1101101011011010 - 100010111?
1101100111000011
In base 3, what is 200120010022001 + -1?
200120010022000
In base 11, what is -105965a35 + 0?
-105965a35
In base 11, what is -61a816 + 166?
-61a660
In base 9, what is -58 - 501568?
-501637
In base 11, what is -83310 - 2a?
-8333a
In base 6, what is 3200130535 + 3?
3200130542
In base 4, what is -120302 + 11011322?
10231020
In base 3, what is -1012012012121201 - 0?
-1012012012121201
In base 15, what is 3 + 5c65300?
5c65303
In base 7, what is 5 + 15020021250?
15020021255
In base 16, what is 474334f - -1?
4743350
In base 15, what is -ac9b62 + 64?
-ac9aed
In base 10, what is 1577 - 88?
1489
In base 9, what is -141 + -106000?
-106141
In base 2, what is 100001101010 + -1111111010001?
-1011101100111
In base 11, what is 578533 + 29?
578561
In base 14, what is -4397 + -68b?
-4a44
In base 4, what is 102212 + 10113321?
10222133
In base 10, what is 1300480 - 39?
1300441
In base 2, what is 10010101 + 101111110100010110?
101111110110101011
In base 3, what is 1120020 + 1002212011?
1011102101
In base 6, what is 103203 - 2545?
100214
In base 7, what is -11364363250 + 5?
-11364363242
In base 13, what is -65a96 + 25?
-65a71
In base 7, what is -61646 + -34653?
-126632
In base 15, what is -2d3e + -9c0?
-380e
In base 8, what is -1567 - -101?
-1466
In base 15, what is -8b039 + 1ae?
-8ad7a
In base 5, what is -10 + 22341243?
22341233
In base 6, what is 143322 + -5031?
134251
In base 11, what is 5 + 1266aa45?
1266aa4a
In base 10, what is -809 + 211410?
210601
In base 12, what is -19821 - 8?
-19829
In base 16, what is -5 + -7f680?
-7f685
In base 9, what is 3 - -2058274?
2058277
In base 16, what is -a2350a - 3?
-a2350d
In base 7, what is -5 - 1365643241?
-1365643246
In base 5, what is -11443440 + 214?
-11443221
In base 12, what is -11958 - 63b?
-12397
In base 7, what is 2 - -3562316240?
3562316242
In base 3, what is 1020021211020212 - -101?
1020021211021020
In base 7, what is -43065 + -3421?
-46516
In base 12, what is -271aa531 - 2?
-271aa533
In base 14, what is 1a9 - -33632?
337db
In base 6, what is -10 - -1004541501?
1004541451
In base 3, what is -10212121 - 2200012000?
-2211001121
In base 5, what is -13203011443 + -132?
-13203012130
In base 3, what is -10111 + -10110120110102?
-10110120120220
In base 10, what is 1437 + 154318?
155755
In base 16, what is -33734d - 1?
-33734e
In base 7, what is 16 - -13361641?
13361660
In base 10, what is -53618706 - -2?
-53618704
In base 12, what is 48594 + 278?
48850
In base 12, what is -6 + 3899136?
3899130
In base 9, what is 12 + 1537113?
1537125
In base 6, what is 2 + 3432431121?
3432431123
In base 13, what is 3ab71a80 + 3?
3ab71a83
In base 2, what is 100100100010 - 110111111011001?
-110011010110111
In base 13, what is -54158 - -3?
-54155
In base 15, what is 4 + -122032?
-12202d
In base 14, what is -62b + -7281?
-78ac
In base 9, what is -134323255 - 1?
-134323256
In base 7, what is -62205311 + 5?
-62205303
In base 3, what is 12022 - -21221221112?
21222010211
In base 14, what is 18d6c2 + -9?
18d6b7
In base 16, what is 1c4 + -fcbb?
-faf7
In base 5, what is 320322 - 24020?
241302
In base 11, what is -3 + -12216435?
-12216438
In base 7, what is -5635 + -130612?
-136550
In base 15, what is -2851bcc9 - 4?
-2851bccd
In base 14, what is 2432 - -2d2d?
5361
In base 15, what is -18 - 15a6a0?
-15a6b8
In base 5, what is -2314341343 - 201?
-2314342044
In base 2, what is 100 + -10001100111101000011111011110?
-10001100111101000011111011010
In base 2, what is 110010 + -1010101100101100?
-1010101011111010
In base 8, what is 10 - 244425?
-244415
In base 4, what is 102 - -11210211022?
11210211130
In base 2, what is -111 - 11000110001100111101010?
-11000110001100111110001
In base 14, what is -1302102 + -7?
-1302109
In base 9, what is 843 - -8256?
10210
In base 13, what is 20 - 1508c8?
-1508a8
In base 7, what is 1315 - -10532422?
10534040
In base 11, what is 24a2a853 + -5?
24a2a849
In base 16, what is 1a - -26f28?
26f42
In base 5, what is -2432120 - -422321?
-2004244
In base 14, what is -703c - d59?
-7d97
In base 16, what is 5f + 19f787?
19f7e6
In base 4, what is 0 + -231003010012?
-231003010012
In base 13, what is 3b4 - -100ca?
104b1
In base 9, what is 36637 - -1376?
38124
In base 16, what is -16 - 1a4cb?
-1a4e1
In base 10, what is 9 + -938?
-929
In base 4, what is 101002322333231 - -3?
101002322333300
In base 2, what is -1110100000111010100 - 1110?
-1110100000111100010
In base 12, what is 0 + -2662?
-2662
In base 10, what is -2153881 + -3?
-2153884
In base 11, what is -3a92aa2 + -2?
-3a92aa4
In base 2, what is 1000100101001101011100101 + 1?
1000100101001101011100110
In base 13, what is -2 + b7a323?
b7a321
In base 11, what is 70079448 + -9?
7007943a
In base 13, what is 2108 - 7cbbc?
-7aab4
In base 4, what is 3031002 + 32?
3031100
In base 4, what is 101010021 - -322?
101011003
In base 14, what is 50a - -46c8?
4bd4
In base 6, what is 42250015552 + -3?
42250015545
In base 7, what is 1 + 1061525356?
1061525360
In base 12, what is -557b2 - 611?
-56203
In base 3, what is 122200121101202 + 1?
122200121101210
In base 2, what is 10000 + 101101101001000001?
101101101001010001
In base 6, what is 5 + -2042324531?
-2042324522
In base 4, what is 32 + 213022121211?
213022121303
In base 7, what is 23 - 30063555?
-30063532
In base 7, what is -206 + -6656343?
-6656552
In base 10, what is 3 - -178062223?
178062226
In base 6, what is 252 - -1200532?
1201224
In base 14, what is -18 - d9c4d?
-d9c67
In base 13, what is 4 - 6662811?
-666280a
In base 7, what is -24054 - -114060?
60003
In base 8, what is 62 - -26521?
26603
In base 16, what is -5 - -3bfc187?
3bfc182
In base 15, what is 6ecb + 5e?
703a
In base 7, what is -402 - 102436?
-103141
In base 8, what is 215